mine y(2).
71
Let k(n) = 22379*n - 11. Give k(0).
-11
Let o(k) = k**3 + 30*k**2 + 151*k + 8260. Calculate o(-33).
10
Let p(r) = 3*r**3 + 81*r**2 - 56. Determine p(-26).
1972
Let a(q) = 325*q - 8336. Calculate a(22).
-1186
Let i(z) = 898*z - 12388. Determine i(11).
-2510
Let p(s) = -12*s**2 - 3872*s + 16958. Give p(-327).
-46
Let p(k) = -4815*k + 163696. Calculate p(34).
-14
Let j(s) = 117*s**2 - 155*s + 28. Calculate j(2).
186
Let l(m) = -1230*m - 286587. What is l(-233)?
3
Let a(v) = 28442*v - 2588230. Give a(91).
-8
Let a(y) = 74170*y - 3634309. Give a(49).
21
Let c(j) = -j**3 + 434*j**2 - 46519*j + 1177. Determine c(193).
19
Let i(m) = -m**3 - 103*m**2 - 541*m - 4689. Give i(-98).
309
Let r(o) = 1835*o + 150500. Determine r(-82).
30
Let k(b) = -2*b**3 - 25*b**2 + 73*b + 128. Give k(-14).
-306
Let s(i) = -2*i**3 + 38*i**2 + 68*i - 568. What is s(20)?
-8
Let h(n) = 8175*n - 359670. Calculate h(44).
30
Let g(q) = -2*q**3 - 177*q**2 - 3367*q - 772. Give g(-61).
-40
Let c(q) = 4696*q**2 - 46*q - 43. Give c(-1).
4699
Let u(t) = -t**3 - 16*t**2 + 326*t + 5176. Calculate u(-17).
-77
Let f(k) = -82*k**3 - 267*k**2 + 259*k + 4. Determine f(1).
-86
Let d(a) = 1017*a - 247133. Give d(243).
-2
Let k(j) = j**2 + 12*j - 6123. Give k(-72).
-1803
Let p(l) = -2*l**3 - 3*l**2 + 1059*l - 2101. Calculate p(2).
-11
Let v(j) = 47*j**2 + 373*j - 2225. Give v(6).
1705
Let c(n) = 8*n**3 - 7*n**2 + 436*n - 2201. Determine c(5).
804
Let p(o) = -o**3 - 405*o**2 - 8780*o + 2376. Give p(-382).
84
Let v(c) = c**3 - 26*c**2 + 247*c - 4180. Determine v(26).
2242
Let s(w) = 519*w - 37390. What is s(72)?
-22
Let c(v) = -v**3 + 36*v**2 + 187*v - 225. Give c(41).
-963
Let z(f) = 22163*f - 15691403. Determine z(708).
1
Let c(o) = -4*o**2 + 248*o + 1978. Give c(69).
46
Let n(s) = s**3 - 28*s**2 + 159*s - 184. Calculate n(18).
-562
Let t(i) = -3*i**3 - 784*i**2 - 292*i - 8081. Determine t(-261).
10
Let g(q) = 5*q**3 + 27*q**2 + 469*q + 1418. Calculate g(-3).
119
Let k(h) = 2*h**2 + 8953*h + 89327. Calculate k(-10).
-3
Let z(s) = 2463*s**2 + 9837*s - 64. Calculate z(-4).
-4
Let q(z) = z**3 - 69*z**2 + 16955*z - 1148301. Give q(68).
15
Let i(j) = 120139*j - 1561807. What is i(13)?
0
Let d(n) = -3*n**2 - 388*n - 603. What is d(-128)?
-91
Let i(d) = -15*d**3 - 78*d**2 - 8*d. Give i(-5).
-35
Let b(r) = -2*r**2 - 349*r - 13240. Determine b(-56).
32
Let p(x) = -x**3 + 55*x**2 - 790*x + 86. Calculate p(36).
-3730
Let x(g) = 423*g - 4441. What is x(10)?
-211
Let h(o) = -o**3 - 16*o**2 + 23569*o + 561071. Calculate h(-24).
23
Let c(i) = 12*i**2 - 153*i - 8972. What is c(-21)?
-467
Let o(d) = -8331*d - 499822. Give o(-60).
38
Let w(d) = 2*d**2 + 13*d - 1487. What is w(-36)?
637
Let y(a) = 2*a**3 + 8*a**2 - 19257*a - 57773. Give y(-3).
16
Let c(o) = -148303*o + 148238. What is c(1)?
-65
Let n(q) = 7792*q - 4457009. Give n(572).
15
Let s(y) = -y**2 + 58*y + 1078. Calculate s(-20).
-482
Let z(f) = -2*f**2 - 13928*f - 55675. Give z(-4).
5
Let o(h) = h**3 - 372*h**2 + 3633*h - 4712. What is o(362)?
-6
Let s(n) = -26*n**2 - 317*n - 87. Give s(-12).
-27
Let x(g) = 4*g**2 - 205*g - 810. Determine x(-4).
74
Let i(c) = -68*c**2 - 8558*c - 83. Give i(-126).
-1343
Let j(m) = 4*m**2 - 2599*m + 242197. Calculate j(537).
10
Let v(x) = -x**3 + 207*x**2 + 617*x + 3307. Give v(210).
577
Let k(m) = 2*m**3 + 7*m**2 + 669*m + 2736. Calculate k(-4).
44
Let h(b) = -b**2 + 3417*b - 67941. What is h(20)?
-1
Let w(q) = 2490*q - 161848. Determine w(65).
2
Let m(o) = 84*o**2 + 1165*o - 39. What is m(-14)?
115
Let b(m) = -4*m**2 - 79*m + 4503. Calculate b(29).
-1152
Let c(y) = -y**2 - 16101*y - 417964. Calculate c(-26).
-14
Let d(f) = -5*f**3 + 847*f**2 + 695*f - 31465. What is d(170)?
-15
Let r(j) = 45*j**2 - 563*j - 936. What is r(14)?
2
Let c(s) = -3104*s - 211454. Give c(-68).
-382
Let t(y) = -16*y**2 - 99*y - 928. What is t(-7)?
-1019
Let q(d) = -4098*d + 245893. Determine q(60).
13
Let y(v) = 4*v**3 + 2092*v**2 + 6215*v - 13002. What is y(-520)?
-2
Let c(t) = -5645*t - 564641. What is c(-100)?
-141
Let s(l) = -l**3 + 7*l**2 - 478*l + 11013. Give s(17).
-3
Let t(d) = -350348*d + 21371228. What is t(61)?
0
Let k(m) = 9291*m + 57354. What is k(-7)?
-7683
Let q(l) = -283*l - 2925. What is q(-5)?
-1510
Let y(x) = 18*x**3 + 2181*x**2 + 382*x + 2305. Calculate y(-121).
6
Let p(o) = -1506*o - 84230. Calculate p(-56).
106
Let v(z) = -38*z**3 - 389*z**2 - 424*z - 24. What is v(-9)?
-15
Let g(p) = 1145*p - 82. Determine g(-2).
-2372
Let j(k) = -186*k**3 - 41666*k**2 - 463*k - 3377. Give j(-224).
-17
Let q(m) = -84*m - 743. Give q(8).
-1415
Let o(j) = 3*j**3 + 5*j**2 + 9*j - 187. Calculate o(7).
1150
Let w(y) = 2*y**3 + 42*y**2 + 172*y - 443. Determine w(-9).
-47
Let l(v) = -v**3 + 49*v**2 - 288*v + 457. Calculate l(3).
7
Let r(v) = 998*v + 118191. Determine r(-117).
1425
Let u(r) = 70364*r - 21461021. Give u(305).
-1
Let g(x) = x**3 - 57*x**2 + 218*x - 602. Give g(53).
-284
Let u(f) = -1095*f**2 + 28482*f - 298. What is u(26)?
14
Let y(w) = 1633*w + 6535. Calculate y(-4).
3
Let x(b) = -41*b**2 - 1027*b + 1109. Determine x(-26).
95
Let j(h) = -942*h - 62280. Give j(-65).
-1050
Let z(i) = 6166*i + 1159198. Determine z(-188).
-10
Let j(u) = -7*u**3 - 76*u**2 - 4*u + 208. What is j(-11)?
373
Let t(b) = -10*b**2 + 45*b + 87. Determine t(-1).
32
Let x(y) = y**2 - 1149*y + 285736. What is x(364)?
-4
Let y(k) = k**2 + 94*k + 783. What is y(-18)?
-585
Let x(y) = -y**3 + 89*y**2 + 179*y + 263. What is x(91)?
-10
Let h(c) = c**3 - 91*c**2 - 3041*c - 158. Determine h(117).
-41
Let z(b) = -61366*b + 1043193. Give z(17).
-29
Let b(o) = 2*o**3 + 431*o**2 + 261*o + 10480. Determine b(-215).
590
Let j(l) = 28*l**2 - 4739*l - 3592. What is j(170)?
-22
Let f(b) = b**3 + 38*b**2 + 53*b + 778. What is f(-36)?
1462
Let i(g) = 2*g**3 + 76*g**2 - g - 21. Give i(-38).
17
Let g(z) = z**3 - 828*z**2 + 2715*z + 2339. Determine g(4).
15
Let z(w) = 217*w - 5796. Give z(28).
280
Let v(o) = 2*o**3 + 231*o**2 - 2350*o + 3136. Calculate v(-125).
11
Let h(q) = -12596*q - 881739. What is h(-70)?
-19
Let p(q) = -10785*q + 108457. Give p(10).
607
Let o(z) = -z**2 - 1210*z + 29759. What is o(25)?
-1116
Let x(o) = 26323*o + 447491. Calculate x(-17).
0
Let k(v) = 280591*v + 1683627. Give k(-6).
81
Let t(w) = 2*w**2 - 88*w + 821. Determine t(30).
-19
Let v(r) = -104798*r + 1362375. What is v(13)?
1
Let r(m) = 1591*m - 1107289. Calculate r(696).
47
Let t(l) = 4199*l + 12567. Calculate t(-3).
-30
Let v(g) = -9947*g - 79591. Determine v(-8).
-15
Let q(l) = 71*l**2 - 790*l + 1359. Determine q(9).
0
Let d(g) = 4*g**3 - 6*g**2 - 9669*g - 38626. Calculate d(-4).
-302
Let n(o) = 10*o**3 - o**2 - 4*o - 5. Calculate n(-2).
-81
Let r(d) = d**3 + 41*d**2 + 13*d - 3784. Give r(-38).
54
Let i(f) = f**2 + 5542*f + 1602221. What is i(-306)?
5
Let s(g) = 27*g**2 + 335*g + 81. What is s(-14)?
683
Let r(a) = 7222*a**2 - 3726553*a + 510. What is r(516)?
-6
Let j(i) = 2*i**3 - 45*i**2 + i - 171. What is j(22)?
-633
Let m(z) = -z**2 - 1222*z - 45090. Determine m(-39).
1047
Let t(z) = 3*z**3 - 4096*z**2 - 3210*z + 652946. Calculate t(1366).
-2
Let t(d) = -4*d**3 - 47*d**2 - 31*d - 520. What is t(-12)?
-4
Let d(s) = -416*s - 14579. Determine d(-35).
-19
Let u(s) = 5*s**2 + 5579*s + 44542. Determine u(-8).
230
Let w(i) = 4*i**2 + 4045*i + 155400. Give w(-40).
0
Let k(i) = -i**3 + 584*i**2 - 336*i - 144006. Give k(583).
-5
Let h(j) = -2*j**3 + 228*j**2 + 56869*j - 132. Calculate h(-121).
-11
Let g(n) = 3*n**2 - 366*n + 10837. Give g(50).
37
Let f(n) = -n**3 - 30*n**2 - 1487*n - 24247. Determine f(-19).
35
Let f(n) = -2*n**3 + 36*n**2 + 122*n - 1535. Determine f(20).
-695
Let h(p) = -312*p - 112818. Give h(-363).
438
Let a(f) = 465*f - 43623. Determine a(87).
-3168
Let a(d) = -434*d - 48358. What is a(-112)?
250
Let g(c) = -4*c**3 + 106*c**2 - 51*c - 30. What is g(26)?
-4
Let o(r) = -489*r + 54662. Determine o(111).
383
Let z(i) = -3756*i - 368103. Calculate z(-98).
-15
Let z(u) = 3*u**2 + 4*u - 1504. What is z(25)?
471
Let f(a) = -3*a**2 - 758*a + 11980. Determine f(15).
-65
Let h(f) = -f**3 - f**2 - 63*f - 1337. Calculate h(-9).
-122
Let c(m) = -343813*m + 4125662. Calculate c(12).
-94
Let g(f) = -4973*f + 74527. What is g(15)?
-68
Let o(r) = -4*r**2 - 844*r + 12586. Give o(14).
-14
Le